{"id":10,"date":"2015-05-27T18:46:09","date_gmt":"2015-05-27T16:46:09","guid":{"rendered":"http:\/\/localhost\/?page_id=10"},"modified":"2025-09-29T13:47:02","modified_gmt":"2025-09-29T11:47:02","slug":"koordination-und-verwaltung","status":"publish","type":"page","link":"https:\/\/hospizverein-wattenscheid.de\/neu\/ueber-uns\/koordination-und-verwaltung\/","title":{"rendered":"Koordination und Verwaltung"},"content":{"rendered":"<div class=\"fusion-fullwidth fullwidth-box fusion-builder-row-1 fusion-flex-container nonhundred-percent-fullwidth non-hundred-percent-height-scrolling\" style=\"--awb-background-position:left top;--awb-border-radius-top-left:0px;--awb-border-radius-top-right:0px;--awb-border-radius-bottom-right:0px;--awb-border-radius-bottom-left:0px;--awb-padding-top:25px;--awb-padding-right:8%;--awb-padding-bottom:25px;--awb-padding-left:8%;--awb-flex-wrap:wrap;\" ><div class=\"fusion-builder-row fusion-row fusion-flex-align-items-flex-start fusion-flex-content-wrap\" style=\"max-width:1331.2px;margin-left: calc(-4% \/ 2 );margin-right: calc(-4% \/ 2 );\"><div class=\"fusion-layout-column fusion_builder_column fusion-builder-column-0 fusion_builder_column_3_4 3_4 fusion-flex-column fusion-flex-align-self-flex-start fusion-column-no-min-height\" style=\"--awb-bg-size:cover;--awb-width-large:75%;--awb-margin-top-large:0px;--awb-spacing-right-large:3.84%;--awb-margin-bottom-large:0px;--awb-spacing-left-large:2.56%;--awb-width-medium:75%;--awb-spacing-right-medium:3.84%;--awb-spacing-left-medium:2.56%;--awb-width-small:100%;--awb-spacing-right-small:1.92%;--awb-spacing-left-small:1.92%;\"><div class=\"fusion-column-wrapper fusion-flex-justify-content-flex-start fusion-content-layout-column\"><div class=\"fusion-text fusion-text-1\"><h1><strong>Koordination und Verwaltung des ambulanten Hospizdienstes<\/strong><\/h1>\n<p style=\"font-weight: 400;\">Regina Battling (Diplom-Sozialp\u00e4dagogin), Leitende Koordinatorin des ambulanten Hospizdienstes, ist ebenso wie die Koordinatorinnen Genevieve Hoffmann und Bruni Duffner (beide examinierte Altenpflegerinnen) als Hospizfachkraft mit einer zus\u00e4tzlichen Palliative-Care-Ausbildung qualifiziert.<\/p>\n<p style=\"font-weight: 400;\">Unsere Verwaltungsmitarbeiterin, Martina Genster, ist Ihre Ansprechpartnerin in unserem B\u00fcro und steht Ihnen f\u00fcr alle Fragen gerne zur Verf\u00fcgung..<\/p>\n<p>Folgende Aufgaben werden durch unsere hauptamtlichen Koordinatorinnen umgesetzt:<\/p>\n<ul>\n<li>Sie f\u00fchren Hausbesuche durch, wenn eine Begleitung angefordert wird.<\/li>\n<li>Sie machen sich ein Bild von der Situation und sprechen mit dem schwerkranken, sterbenden Menschen und \/ oder den An- und Zugeh\u00f6rigen \u00fcber den Einsatz der ehrenamtlichen Begleiter*innen und das, was gew\u00fcnscht ist.<\/li>\n<li>Sie w\u00e4hlen eine Begleiterin bzw. einen Begleiter aus.<\/li>\n<li>Sie stellen die t\u00e4gliche Erreichbarkeit des ambulanten Hospizdienstes sicher.<\/li>\n<li>Sie unterst\u00fctzen die Begleiter*innen durch Praxisbegleitung und gew\u00e4hrleisten deren Schulung und Qualifizierung.<\/li>\n<li>Sie pflegen die Kontakte mit allen in der Versorgung T\u00e4tigen.<\/li>\n<li>Sie halten Vortr\u00e4ge \u00fcber die Arbeit des Hospizdienstes.<\/li>\n<li>Sie sorgen f\u00fcr Vernetzung und Kooperation im Stadtteil und mit anderen Diensten und Einrichtungen im Rahmen des Palliativnetzes.<\/li>\n<\/ul>\n<\/div><\/div><\/div><div class=\"fusion-layout-column fusion_builder_column fusion-builder-column-1 fusion_builder_column_1_4 1_4 fusion-flex-column\" style=\"--awb-padding-top:25px;--awb-bg-size:cover;--awb-width-large:25%;--awb-margin-top-large:0px;--awb-spacing-right-large:7.68%;--awb-margin-bottom-large:20px;--awb-spacing-left-large:3.84%;--awb-width-medium:25%;--awb-spacing-right-medium:7.68%;--awb-spacing-left-medium:3.84%;--awb-width-small:100%;--awb-spacing-right-small:1.92%;--awb-spacing-left-small:1.92%;\"><div class=\"fusion-column-wrapper fusion-flex-justify-content-flex-start fusion-content-layout-column\"><div class=\"fusion-person person fusion-person-center fusion-person-1 fusion-person-icon-top\" style=\"--awb-pic-style-color:var(--awb-color8);--awb-pic-borderradius:50%;--awb-margin-top:0px;--awb-margin-right:0px;--awb-margin-bottom:0px;--awb-margin-left:0px;--awb-social-box-border-top:0px;--awb-social-box-border-right:0px;--awb-social-box-border-bottom:0px;--awb-social-box-border-left:0px;--awb-social-box-border-color:var(--awb-color3);--awb-social-box-border-color-hover:var(--awb-color4);--awb-social-box-colors-hover:var(--awb-color1);--awb-social-icon-boxed-colors:var(--awb-color2);--awb-social-icon-colors:var(--awb-color6);--awb-social-icon-colors-hover:var(--awb-color4);\"><div class=\"person-shortcode-image-wrapper\"><div class=\"person-image-container hover-type-none person-rounded-overflow\" style=\"-webkit-border-radius:50%;-moz-border-radius:50%;border-radius:50%;border:0px solid var(--awb-color3);-webkit-border-radius:50%;-moz-border-radius:50%;border-radius:50%;\"><img decoding=\"async\" class=\"person-img img-responsive wp-image-3716\" width=\"250\" height=\"250\" src=\"https:\/\/hospizverein-wattenscheid.de\/neu\/wp-content\/uploads\/2022\/06\/Regina_Battling.jpg\" alt=\"Regina Battling\" srcset=\"https:\/\/hospizverein-wattenscheid.de\/neu\/wp-content\/uploads\/2022\/06\/Regina_Battling-200x200.jpg 200w, https:\/\/hospizverein-wattenscheid.de\/neu\/wp-content\/uploads\/2022\/06\/Regina_Battling.jpg 250w\" sizes=\"(max-width: 640px) 100vw, 250px\" \/><\/div><\/div><div class=\"person-desc\" style=\"background-color:var(--awb-color1);padding:40px;margin-top:0;\"><div class=\"person-author\"><div class=\"person-author-wrapper\"><span class=\"person-name\">Regina Battling<\/span><span class=\"person-title\"><\/span><\/div><\/div><div class=\"person-content fusion-clearfix\"><\/div><\/div><\/div><div class=\"fusion-person person fusion-person-center fusion-person-2 fusion-person-icon-top\" style=\"--awb-pic-style-color:var(--awb-color8);--awb-pic-borderradius:50%;--awb-margin-top:0px;--awb-margin-right:0px;--awb-margin-bottom:0px;--awb-margin-left:0px;--awb-social-box-border-top:0px;--awb-social-box-border-right:0px;--awb-social-box-border-bottom:0px;--awb-social-box-border-left:0px;--awb-social-box-border-color:var(--awb-color3);--awb-social-box-border-color-hover:var(--awb-color4);--awb-social-box-colors-hover:var(--awb-color1);--awb-social-icon-boxed-colors:var(--awb-color2);--awb-social-icon-colors:var(--awb-color6);--awb-social-icon-colors-hover:var(--awb-color4);\"><div class=\"person-shortcode-image-wrapper\"><div class=\"person-image-container hover-type-none person-rounded-overflow\" style=\"-webkit-border-radius:50%;-moz-border-radius:50%;border-radius:50%;border:0px solid var(--awb-color3);-webkit-border-radius:50%;-moz-border-radius:50%;border-radius:50%;\"><img decoding=\"async\" class=\"person-img img-responsive wp-image-4690\" width=\"250\" height=\"250\" src=\"https:\/\/hospizverein-wattenscheid.de\/neu\/wp-content\/uploads\/2025\/09\/Genevieve_Hoffmann.jpg\" alt=\"Genevieve Hoffmann\" srcset=\"https:\/\/hospizverein-wattenscheid.de\/neu\/wp-content\/uploads\/2025\/09\/Genevieve_Hoffmann-200x200.jpg 200w, https:\/\/hospizverein-wattenscheid.de\/neu\/wp-content\/uploads\/2025\/09\/Genevieve_Hoffmann.jpg 250w\" sizes=\"(max-width: 640px) 100vw, 250px\" \/><\/div><\/div><div class=\"person-desc\" style=\"background-color:var(--awb-color1);padding:40px;margin-top:0;\"><div class=\"person-author\"><div class=\"person-author-wrapper\"><span class=\"person-name\">Genevieve Hoffmann<\/span><span class=\"person-title\"><\/span><\/div><\/div><div class=\"person-content fusion-clearfix\"><\/div><\/div><\/div><div class=\"fusion-person person fusion-person-center fusion-person-3 fusion-person-icon-top\" style=\"--awb-pic-style-color:var(--awb-color8);--awb-pic-borderradius:50%;--awb-margin-top:0px;--awb-margin-right:0px;--awb-margin-bottom:0px;--awb-margin-left:0px;--awb-social-box-border-top:0px;--awb-social-box-border-right:0px;--awb-social-box-border-bottom:0px;--awb-social-box-border-left:0px;--awb-social-box-border-color:var(--awb-color3);--awb-social-box-border-color-hover:var(--awb-color4);--awb-social-box-colors-hover:var(--awb-color1);--awb-social-icon-boxed-colors:var(--awb-color2);--awb-social-icon-colors:var(--awb-color6);--awb-social-icon-colors-hover:var(--awb-color4);\"><div class=\"person-shortcode-image-wrapper\"><div class=\"person-image-container hover-type-none person-rounded-overflow\" style=\"-webkit-border-radius:50%;-moz-border-radius:50%;border-radius:50%;border:0px solid var(--awb-color3);-webkit-border-radius:50%;-moz-border-radius:50%;border-radius:50%;\"><img decoding=\"async\" class=\"person-img img-responsive wp-image-4093\" width=\"250\" height=\"250\" src=\"https:\/\/hospizverein-wattenscheid.de\/neu\/wp-content\/uploads\/2024\/03\/Bruni_Duffner2.jpg\" alt=\"Bruni Duffner\" srcset=\"https:\/\/hospizverein-wattenscheid.de\/neu\/wp-content\/uploads\/2024\/03\/Bruni_Duffner2-200x200.jpg 200w, https:\/\/hospizverein-wattenscheid.de\/neu\/wp-content\/uploads\/2024\/03\/Bruni_Duffner2.jpg 250w\" sizes=\"(max-width: 640px) 100vw, 250px\" \/><\/div><\/div><div class=\"person-desc\" style=\"background-color:var(--awb-color1);padding:40px;margin-top:0;\"><div class=\"person-author\"><div class=\"person-author-wrapper\"><span class=\"person-name\">Bruni Duffner<\/span><span class=\"person-title\"><\/span><\/div><\/div><div class=\"person-content fusion-clearfix\"><\/div><\/div><\/div><div class=\"fusion-person person fusion-person-center fusion-person-4 fusion-person-icon-top\" style=\"--awb-pic-style-color:var(--awb-color8);--awb-pic-borderradius:50%;--awb-margin-top:0px;--awb-margin-right:0px;--awb-margin-bottom:0px;--awb-margin-left:0px;--awb-social-box-border-top:0px;--awb-social-box-border-right:0px;--awb-social-box-border-bottom:0px;--awb-social-box-border-left:0px;--awb-social-box-border-color:var(--awb-color3);--awb-social-box-border-color-hover:var(--awb-color4);--awb-social-box-colors-hover:var(--awb-color1);--awb-social-icon-boxed-colors:var(--awb-color2);--awb-social-icon-colors:var(--awb-color6);--awb-social-icon-colors-hover:var(--awb-color4);\"><div class=\"person-shortcode-image-wrapper\"><div class=\"person-image-container hover-type-none person-rounded-overflow\" style=\"-webkit-border-radius:50%;-moz-border-radius:50%;border-radius:50%;border:0px solid var(--awb-color3);-webkit-border-radius:50%;-moz-border-radius:50%;border-radius:50%;\"><img decoding=\"async\" class=\"person-img img-responsive wp-image-4094\" width=\"250\" height=\"250\" src=\"https:\/\/hospizverein-wattenscheid.de\/neu\/wp-content\/uploads\/2024\/03\/Martina_Genster2.jpg\" alt=\"Martina Genster\" srcset=\"https:\/\/hospizverein-wattenscheid.de\/neu\/wp-content\/uploads\/2024\/03\/Martina_Genster2-200x200.jpg 200w, https:\/\/hospizverein-wattenscheid.de\/neu\/wp-content\/uploads\/2024\/03\/Martina_Genster2.jpg 250w\" sizes=\"(max-width: 640px) 100vw, 250px\" \/><\/div><\/div><div class=\"person-desc\" style=\"background-color:var(--awb-color1);padding:40px;margin-top:0;\"><div class=\"person-author\"><div class=\"person-author-wrapper\"><span class=\"person-name\">Martina Genster<\/span><span class=\"person-title\"><\/span><\/div><\/div><div class=\"person-content fusion-clearfix\"><\/div><\/div><\/div><\/div><\/div><\/div><\/div>\n","protected":false},"excerpt":{"rendered":"","protected":false},"author":2,"featured_media":0,"parent":613,"menu_order":0,"comment_status":"closed","ping_status":"closed","template":"","meta":{"_bbp_topic_count":0,"_bbp_reply_count":0,"_bbp_total_topic_count":0,"_bbp_total_reply_count":0,"_bbp_voice_count":0,"_bbp_anonymous_reply_count":0,"_bbp_topic_count_hidden":0,"_bbp_reply_count_hidden":0,"_bbp_forum_subforum_count":0,"footnotes":""},"class_list":["post-10","page","type-page","status-publish","hentry"],"_links":{"self":[{"href":"https:\/\/hospizverein-wattenscheid.de\/neu\/wp-json\/wp\/v2\/pages\/10","targetHints":{"allow":["GET"]}}],"collection":[{"href":"https:\/\/hospizverein-wattenscheid.de\/neu\/wp-json\/wp\/v2\/pages"}],"about":[{"href":"https:\/\/hospizverein-wattenscheid.de\/neu\/wp-json\/wp\/v2\/types\/page"}],"author":[{"embeddable":true,"href":"https:\/\/hospizverein-wattenscheid.de\/neu\/wp-json\/wp\/v2\/users\/2"}],"replies":[{"embeddable":true,"href":"https:\/\/hospizverein-wattenscheid.de\/neu\/wp-json\/wp\/v2\/comments?post=10"}],"version-history":[{"count":25,"href":"https:\/\/hospizverein-wattenscheid.de\/neu\/wp-json\/wp\/v2\/pages\/10\/revisions"}],"predecessor-version":[{"id":4691,"href":"https:\/\/hospizverein-wattenscheid.de\/neu\/wp-json\/wp\/v2\/pages\/10\/revisions\/4691"}],"up":[{"embeddable":true,"href":"https:\/\/hospizverein-wattenscheid.de\/neu\/wp-json\/wp\/v2\/pages\/613"}],"wp:attachment":[{"href":"https:\/\/hospizverein-wattenscheid.de\/neu\/wp-json\/wp\/v2\/media?parent=10"}],"curies":[{"name":"wp","href":"https:\/\/api.w.org\/{rel}","templated":true}]}}

<div class="fusion-fullwidth fullwidth-box fusion-builder-row-1 fusion-flex-container nonhundred-percent-fullwidth non-hundred-percent-height-scrolling" style="--awb-background-position:left top;--awb-border-radius-top-left:0px;--awb-border-radius-top-right:0px;--awb-border-radius-bottom-right:0px;--awb-border-radius-bottom-left:0px;--awb-padding-top:25px;--awb-padding-right:8%;--awb-padding-bottom:25px;--awb-padding-left:8%;--awb-flex-wrap:wrap;" ><div class="fusion-builder-row fusion-row fusion-flex-align-items-flex-start fusion-flex-content-wrap" style="max-width:1331.2px;margin-left: calc(-4% / 2 );margin-right: calc(-4% / 2 );"><div class="fusion-layout-column fusion_builder_column fusion-builder-column-0 fusion_builder_column_3_4 3_4 fusion-flex-column fusion-flex-align-self-flex-start fusion-column-no-min-height" style="--awb-bg-size:cover;--awb-width-large:75%;--awb-margin-top-large:0px;--awb-spacing-right-large:3.84%;--awb-margin-bottom-large:0px;--awb-spacing-left-large:2.56%;--awb-width-medium:75%;--awb-spacing-right-medium:3.84%;--awb-spacing-left-medium:2.56%;--awb-width-small:100%;--awb-spacing-right-small:1.92%;--awb-spacing-left-small:1.92%;"><div class="fusion-column-wrapper fusion-flex-justify-content-flex-start fusion-content-layout-column"><div class="fusion-text fusion-text-1"><h1><strong>Koordination und Verwaltung des ambulanten Hospizdienstes</strong></h1>
<p style="font-weight: 400;">Regina Battling (Diplom-Sozialpädagogin), Leitende Koordinatorin des ambulanten Hospizdienstes, ist ebenso wie die Koordinatorinnen Genevieve Hoffmann und Bruni Duffner (beide examinierte Altenpflegerinnen) als Hospizfachkraft mit einer zusätzlichen Palliative-Care-Ausbildung qualifiziert.</p>
<p style="font-weight: 400;">Unsere Verwaltungsmitarbeiterin, Martina Genster, ist Ihre Ansprechpartnerin in unserem Büro und steht Ihnen für alle Fragen gerne zur Verfügung..</p>
<p>Folgende Aufgaben werden durch unsere hauptamtlichen Koordinatorinnen umgesetzt:</p>
<ul>
<li>Sie führen Hausbesuche durch, wenn eine Begleitung angefordert wird.</li>
<li>Sie machen sich ein Bild von der Situation und sprechen mit dem schwerkranken, sterbenden Menschen und / oder den An- und Zugehörigen über den Einsatz der ehrenamtlichen Begleiter*innen und das, was gewünscht ist.</li>
<li>Sie wählen eine Begleiterin bzw. einen Begleiter aus.</li>
<li>Sie stellen die tägliche Erreichbarkeit des ambulanten Hospizdienstes sicher.</li>
<li>Sie unterstützen die Begleiter*innen durch Praxisbegleitung und gewährleisten deren Schulung und Qualifizierung.</li>
<li>Sie pflegen die Kontakte mit allen in der Versorgung Tätigen.</li>
<li>Sie halten Vorträge über die Arbeit des Hospizdienstes.</li>
<li>Sie sorgen für Vernetzung und Kooperation im Stadtteil und mit anderen Diensten und Einrichtungen im Rahmen des Palliativnetzes.</li>
</ul>
</div></div></div><div class="fusion-layout-column fusion_builder_column fusion-builder-column-1 fusion_builder_column_1_4 1_4 fusion-flex-column" style="--awb-padding-top:25px;--awb-bg-size:cover;--awb-width-large:25%;--awb-margin-top-large:0px;--awb-spacing-right-large:7.68%;--awb-margin-bottom-large:20px;--awb-spacing-left-large:3.84%;--awb-width-medium:25%;--awb-spacing-right-medium:7.68%;--awb-spacing-left-medium:3.84%;--awb-width-small:100%;--awb-spacing-right-small:1.92%;--awb-spacing-left-small:1.92%;"><div class="fusion-column-wrapper fusion-flex-justify-content-flex-start fusion-content-layout-column"><div class="fusion-person person fusion-person-center fusion-person-1 fusion-person-icon-top" style="--awb-pic-style-color:var(--awb-color8);--awb-pic-borderradius:50%;--awb-margin-top:0px;--awb-margin-right:0px;--awb-margin-bottom:0px;--awb-margin-left:0px;--awb-social-box-border-top:0px;--awb-social-box-border-right:0px;--awb-social-box-border-bottom:0px;--awb-social-box-border-left:0px;--awb-social-box-border-color:var(--awb-color3);--awb-social-box-border-color-hover:var(--awb-color4);--awb-social-box-colors-hover:var(--awb-color1);--awb-social-icon-boxed-colors:var(--awb-color2);--awb-social-icon-colors:var(--awb-color6);--awb-social-icon-colors-hover:var(--awb-color4);"><div class="person-shortcode-image-wrapper"><div class="person-image-container hover-type-none person-rounded-overflow" style="-webkit-border-radius:50%;-moz-border-radius:50%;border-radius:50%;border:0px solid var(--awb-color3);-webkit-border-radius:50%;-moz-border-radius:50%;border-radius:50%;"><img decoding="async" class="person-img img-responsive wp-image-3716" width="250" height="250" src="https://hospizverein-wattenscheid.de/neu/wp-content/uploads/2022/06/Regina_Battling.jpg" alt="Regina Battling" srcset="https://hospizverein-wattenscheid.de/neu/wp-content/uploads/2022/06/Regina_Battling-200x200.jpg 200w, https://hospizverein-wattenscheid.de/neu/wp-content/uploads/2022/06/Regina_Battling.jpg 250w" sizes="(max-width: 640px) 100vw, 250px" /></div></div><div class="person-desc" style="background-color:var(--awb-color1);padding:40px;margin-top:0;"><div class="person-author"><div class="person-author-wrapper"><span class="person-name">Regina Battling</span><span class="person-title"></span></div></div><div class="person-content fusion-clearfix"></div></div></div><div class="fusion-person person fusion-person-center fusion-person-2 fusion-person-icon-top" style="--awb-pic-style-color:var(--awb-color8);--awb-pic-borderradius:50%;--awb-margin-top:0px;--awb-margin-right:0px;--awb-margin-bottom:0px;--awb-margin-left:0px;--awb-social-box-border-top:0px;--awb-social-box-border-right:0px;--awb-social-box-border-bottom:0px;--awb-social-box-border-left:0px;--awb-social-box-border-color:var(--awb-color3);--awb-social-box-border-color-hover:var(--awb-color4);--awb-social-box-colors-hover:var(--awb-color1);--awb-social-icon-boxed-colors:var(--awb-color2);--awb-social-icon-colors:var(--awb-color6);--awb-social-icon-colors-hover:var(--awb-color4);"><div class="person-shortcode-image-wrapper"><div class="person-image-container hover-type-none person-rounded-overflow" style="-webkit-border-radius:50%;-moz-border-radius:50%;border-radius:50%;border:0px solid var(--awb-color3);-webkit-border-radius:50%;-moz-border-radius:50%;border-radius:50%;"><img decoding="async" class="person-img img-responsive wp-image-4690" width="250" height="250" src="https://hospizverein-wattenscheid.de/neu/wp-content/uploads/2025/09/Genevieve_Hoffmann.jpg" alt="Genevieve Hoffmann" srcset="https://hospizverein-wattenscheid.de/neu/wp-content/uploads/2025/09/Genevieve_Hoffmann-200x200.jpg 200w, https://hospizverein-wattenscheid.de/neu/wp-content/uploads/2025/09/Genevieve_Hoffmann.jpg 250w" sizes="(max-width: 640px) 100vw, 250px" /></div></div><div class="person-desc" style="background-color:var(--awb-color1);padding:40px;margin-top:0;"><div class="person-author"><div class="person-author-wrapper"><span class="person-name">Genevieve Hoffmann</span><span class="person-title"></span></div></div><div class="person-content fusion-clearfix"></div></div></div><div class="fusion-person person fusion-person-center fusion-person-3 fusion-person-icon-top" style="--awb-pic-style-color:var(--awb-color8);--awb-pic-borderradius:50%;--awb-margin-top:0px;--awb-margin-right:0px;--awb-margin-bottom:0px;--awb-margin-left:0px;--awb-social-box-border-top:0px;--awb-social-box-border-right:0px;--awb-social-box-border-bottom:0px;--awb-social-box-border-left:0px;--awb-social-box-border-color:var(--awb-color3);--awb-social-box-border-color-hover:var(--awb-color4);--awb-social-box-colors-hover:var(--awb-color1);--awb-social-icon-boxed-colors:var(--awb-color2);--awb-social-icon-colors:var(--awb-color6);--awb-social-icon-colors-hover:var(--awb-color4);"><div class="person-shortcode-image-wrapper"><div class="person-image-container hover-type-none person-rounded-overflow" style="-webkit-border-radius:50%;-moz-border-radius:50%;border-radius:50%;border:0px solid var(--awb-color3);-webkit-border-radius:50%;-moz-border-radius:50%;border-radius:50%;"><img decoding="async" class="person-img img-responsive wp-image-4093" width="250" height="250" src="https://hospizverein-wattenscheid.de/neu/wp-content/uploads/2024/03/Bruni_Duffner2.jpg" alt="Bruni Duffner" srcset="https://hospizverein-wattenscheid.de/neu/wp-content/uploads/2024/03/Bruni_Duffner2-200x200.jpg 200w, https://hospizverein-wattenscheid.de/neu/wp-content/uploads/2024/03/Bruni_Duffner2.jpg 250w" sizes="(max-width: 640px) 100vw, 250px" /></div></div><div class="person-desc" style="background-color:var(--awb-color1);padding:40px;margin-top:0;"><div class="person-author"><div class="person-author-wrapper"><span class="person-name">Bruni Duffner</span><span class="person-title"></span></div></div><div class="person-content fusion-clearfix"></div></div></div><div class="fusion-person person fusion-person-center fusion-person-4 fusion-person-icon-top" style="--awb-pic-style-color:var(--awb-color8);--awb-pic-borderradius:50%;--awb-margin-top:0px;--awb-margin-right:0px;--awb-margin-bottom:0px;--awb-margin-left:0px;--awb-social-box-border-top:0px;--awb-social-box-border-right:0px;--awb-social-box-border-bottom:0px;--awb-social-box-border-left:0px;--awb-social-box-border-color:var(--awb-color3);--awb-social-box-border-color-hover:var(--awb-color4);--awb-social-box-colors-hover:var(--awb-color1);--awb-social-icon-boxed-colors:var(--awb-color2);--awb-social-icon-colors:var(--awb-color6);--awb-social-icon-colors-hover:var(--awb-color4);"><div class="person-shortcode-image-wrapper"><div class="person-image-container hover-type-none person-rounded-overflow" style="-webkit-border-radius:50%;-moz-border-radius:50%;border-radius:50%;border:0px solid var(--awb-color3);-webkit-border-radius:50%;-moz-border-radius:50%;border-radius:50%;"><img decoding="async" class="person-img img-responsive wp-image-4094" width="250" height="250" src="https://hospizverein-wattenscheid.de/neu/wp-content/uploads/2024/03/Martina_Genster2.jpg" alt="Martina Genster" srcset="https://hospizverein-wattenscheid.de/neu/wp-content/uploads/2024/03/Martina_Genster2-200x200.jpg 200w, https://hospizverein-wattenscheid.de/neu/wp-content/uploads/2024/03/Martina_Genster2.jpg 250w" sizes="(max-width: 640px) 100vw, 250px" /></div></div><div class="person-desc" style="background-color:var(--awb-color1);padding:40px;margin-top:0;"><div class="person-author"><div class="person-author-wrapper"><span class="person-name">Martina Genster</span><span class="person-title"></span></div></div><div class="person-content fusion-clearfix"></div></div></div></div></div></div></div>
