{"id":1351,"date":"2018-05-03T15:13:26","date_gmt":"2018-05-03T13:13:26","guid":{"rendered":"http:\/\/localhost\/?page_id=1351"},"modified":"2024-03-20T10:38:40","modified_gmt":"2024-03-20T09:38:40","slug":"mitgliedschaft","status":"publish","type":"page","link":"https:\/\/hospizverein-wattenscheid.de\/neu\/so-unterstuetzen-sie-uns\/mitgliedschaft\/","title":{"rendered":"Mitgliedschaft"},"content":{"rendered":"<div class=\"fusion-fullwidth fullwidth-box fusion-builder-row-1 fusion-flex-container nonhundred-percent-fullwidth non-hundred-percent-height-scrolling\" style=\"--awb-border-radius-top-left:0px;--awb-border-radius-top-right:0px;--awb-border-radius-bottom-right:0px;--awb-border-radius-bottom-left:0px;--awb-padding-top:25px;--awb-padding-right:8%;--awb-padding-bottom:25px;--awb-padding-left:8%;--awb-flex-wrap:wrap;\" ><div class=\"fusion-builder-row fusion-row fusion-flex-align-items-flex-start fusion-flex-content-wrap\" style=\"max-width:calc( 1280px + 0px );margin-left: calc(-0px \/ 2 );margin-right: calc(-0px \/ 2 );\"><div class=\"fusion-layout-column fusion_builder_column fusion-builder-column-0 fusion_builder_column_1_1 1_1 fusion-flex-column\" style=\"--awb-bg-size:cover;--awb-width-large:100%;--awb-margin-top-large:0px;--awb-spacing-right-large:0px;--awb-margin-bottom-large:20px;--awb-spacing-left-large:0px;--awb-width-medium:100%;--awb-spacing-right-medium:0px;--awb-spacing-left-medium:0px;--awb-width-small:100%;--awb-spacing-right-small:0px;--awb-spacing-left-small:0px;\"><div class=\"fusion-column-wrapper fusion-flex-justify-content-flex-start fusion-content-layout-column\"><div class=\"fusion-text fusion-text-1\"><h1>Mitgliedschaft<\/h1>\n<p>Als Hospizverein sind wir zur Finanzierung unserer Personal- und Betriebskosten neben Zusch\u00fcssen von den Krankenkassen auf Mitgliedsbeitr\u00e4ge und Spenden angewiesen.<\/p>\n<p>Durch eine f\u00f6rdernde Mitgliedschaft unterst\u00fctzen Sie uns ideell als Meinungstr\u00e4ger f\u00fcr die Hospizarbeit und materiell mit Ihrem Jahresbeitrag. Der Mindestbeitrag betr\u00e4gt f\u00fcr Einzelpersonen nur 25,00 Euro pro Jahr und f\u00fcr juristische Personen wie Unternehmen, Kirchengemeinden, Pflegedienste usw. liegt der Beitrag bei mindestens 250,00 Euro. <a href=\"http:\/\/hospizverein-wattenscheid.de\/neu\/home-2\/beitrittserklaerung\/\"><strong>Hier<\/strong><\/a>\u00a0k\u00f6nnen Sie sich eine Beitrittserkl\u00e4rung herunterladen, die Sie ausgef\u00fcllt bitte an unser B\u00fcro schicken.<\/p>\n<\/div><\/div><\/div><\/div><\/div>\n","protected":false},"excerpt":{"rendered":"","protected":false},"author":2,"featured_media":0,"parent":1318,"menu_order":0,"comment_status":"closed","ping_status":"closed","template":"","meta":{"_bbp_topic_count":0,"_bbp_reply_count":0,"_bbp_total_topic_count":0,"_bbp_total_reply_count":0,"_bbp_voice_count":0,"_bbp_anonymous_reply_count":0,"_bbp_topic_count_hidden":0,"_bbp_reply_count_hidden":0,"_bbp_forum_subforum_count":0,"footnotes":""},"class_list":["post-1351","page","type-page","status-publish","hentry"],"_links":{"self":[{"href":"https:\/\/hospizverein-wattenscheid.de\/neu\/wp-json\/wp\/v2\/pages\/1351","targetHints":{"allow":["GET"]}}],"collection":[{"href":"https:\/\/hospizverein-wattenscheid.de\/neu\/wp-json\/wp\/v2\/pages"}],"about":[{"href":"https:\/\/hospizverein-wattenscheid.de\/neu\/wp-json\/wp\/v2\/types\/page"}],"author":[{"embeddable":true,"href":"https:\/\/hospizverein-wattenscheid.de\/neu\/wp-json\/wp\/v2\/users\/2"}],"replies":[{"embeddable":true,"href":"https:\/\/hospizverein-wattenscheid.de\/neu\/wp-json\/wp\/v2\/comments?post=1351"}],"version-history":[{"count":2,"href":"https:\/\/hospizverein-wattenscheid.de\/neu\/wp-json\/wp\/v2\/pages\/1351\/revisions"}],"predecessor-version":[{"id":4069,"href":"https:\/\/hospizverein-wattenscheid.de\/neu\/wp-json\/wp\/v2\/pages\/1351\/revisions\/4069"}],"up":[{"embeddable":true,"href":"https:\/\/hospizverein-wattenscheid.de\/neu\/wp-json\/wp\/v2\/pages\/1318"}],"wp:attachment":[{"href":"https:\/\/hospizverein-wattenscheid.de\/neu\/wp-json\/wp\/v2\/media?parent=1351"}],"curies":[{"name":"wp","href":"https:\/\/api.w.org\/{rel}","templated":true}]}}