{"id":1353,"date":"2018-05-03T15:13:50","date_gmt":"2018-05-03T13:13:50","guid":{"rendered":"http:\/\/localhost\/?page_id=1353"},"modified":"2026-01-09T14:06:37","modified_gmt":"2026-01-09T13:06:37","slug":"spenden","status":"publish","type":"page","link":"https:\/\/hospizverein-wattenscheid.de\/neu\/so-unterstuetzen-sie-uns\/spenden\/","title":{"rendered":"Spenden"},"content":{"rendered":"<div class=\"fusion-fullwidth fullwidth-box fusion-builder-row-1 fusion-flex-container nonhundred-percent-fullwidth non-hundred-percent-height-scrolling\" style=\"--awb-border-radius-top-left:0px;--awb-border-radius-top-right:0px;--awb-border-radius-bottom-right:0px;--awb-border-radius-bottom-left:0px;--awb-padding-top:25px;--awb-padding-right:8%;--awb-padding-bottom:0px;--awb-padding-left:8%;--awb-flex-wrap:wrap;\" ><div class=\"fusion-builder-row fusion-row fusion-flex-align-items-flex-start fusion-flex-content-wrap\" style=\"max-width:1331.2px;margin-left: calc(-4% \/ 2 );margin-right: calc(-4% \/ 2 );\"><div class=\"fusion-layout-column fusion_builder_column fusion-builder-column-0 fusion_builder_column_1_1 1_1 fusion-flex-column\" style=\"--awb-bg-size:cover;--awb-width-large:100%;--awb-margin-top-large:0px;--awb-spacing-right-large:1.92%;--awb-margin-bottom-large:20px;--awb-spacing-left-large:1.92%;--awb-width-medium:100%;--awb-spacing-right-medium:1.92%;--awb-spacing-left-medium:1.92%;--awb-width-small:100%;--awb-spacing-right-small:1.92%;--awb-spacing-left-small:1.92%;\"><div class=\"fusion-column-wrapper fusion-flex-justify-content-flex-start fusion-content-layout-column\"><div class=\"fusion-text fusion-text-1\"><h1>Spenden<\/h1>\n<p style=\"font-weight: 400;\">Es gibt verschiedene M\u00f6glichkeiten, den Hospizverein Wattenscheid\u00a0 e. V. durch Spenden zu unterst\u00fctzen:<\/p>\n<ul style=\"font-weight: 400;\">\n<li>Eine M\u00f6glichkeit ist die Einzelspende, bei der Einzelpersonen einen frei w\u00e4hlbaren Betrag spenden k\u00f6nnen.<\/li>\n<li>Alternativ k\u00f6nnen Sie dazu aufrufen, anl\u00e4sslich von Geburtstagen, Jubil\u00e4en, Hochzeiten oder \u00e4hnlichen Anl\u00e4ssen anstelle von Geschenken eine Spende f\u00fcr den Hospizverein Wattenscheid zu t\u00e4tigen. Ein solcher Aufruf k\u00f6nnte lauten: &#8222;Statt eines Geschenks w\u00fcrden wir uns \u00fcber eine Spende f\u00fcr den Hospizverein Wattenscheid e. V. freuen&#8220;.<\/li>\n<li>Sie k\u00f6nnen auch gemeinsam mit anderen Personen Aktionen zugunsten des Hospizvereins initiieren. Beispiele hierf\u00fcr sind Basare, Benefizkonzerte, Flohm\u00e4rkte, Spendenl\u00e4ufe und \u00e4hnliche Veranstaltungen.<\/li>\n<li>Eine weitere M\u00f6glichkeit besteht darin, den Hospizverein Wattenscheid im Testament mit einer (Teil-)Erbschaft zu bedenken.<\/li>\n<li>Dar\u00fcber hinaus k\u00f6nnen Sie bei Bestattungen darum bitten, anstelle von Blumen oder Kr\u00e4nzen Spenden f\u00fcr die Hospizarbeit zu t\u00e4tigen.<\/li>\n<\/ul>\n<p style=\"font-weight: 400;\">Der Hospizverein Wattenscheid e. V. ist als mildt\u00e4tig anerkannt und damit berechtigt, f\u00fcr Mitgliedsbeitr\u00e4ge und Spenden Zuwendungsbescheinigungen auszustellen.<br \/>\nF\u00fcr Spenden bis zu einem Betrag von 300\u202f\u20ac stellen wir keine Spendenbescheinigung aus. Ein sogenannter vereinfachter Nachweis \u2013 zum Beispiel der Bareinzahlungsbeleg, ein Kontoauszug oder ein Screenshot der \u00dcberweisung \u2013 gen\u00fcgt dem Finanzamt zur steuerlichen Geltendmachung Ihrer Zuwendung.<\/p>\n<\/div><\/div><\/div><\/div><\/div>\n","protected":false},"excerpt":{"rendered":"","protected":false},"author":2,"featured_media":0,"parent":1318,"menu_order":0,"comment_status":"closed","ping_status":"closed","template":"","meta":{"_bbp_topic_count":0,"_bbp_reply_count":0,"_bbp_total_topic_count":0,"_bbp_total_reply_count":0,"_bbp_voice_count":0,"_bbp_anonymous_reply_count":0,"_bbp_topic_count_hidden":0,"_bbp_reply_count_hidden":0,"_bbp_forum_subforum_count":0,"footnotes":""},"class_list":["post-1353","page","type-page","status-publish","hentry"],"_links":{"self":[{"href":"https:\/\/hospizverein-wattenscheid.de\/neu\/wp-json\/wp\/v2\/pages\/1353","targetHints":{"allow":["GET"]}}],"collection":[{"href":"https:\/\/hospizverein-wattenscheid.de\/neu\/wp-json\/wp\/v2\/pages"}],"about":[{"href":"https:\/\/hospizverein-wattenscheid.de\/neu\/wp-json\/wp\/v2\/types\/page"}],"author":[{"embeddable":true,"href":"https:\/\/hospizverein-wattenscheid.de\/neu\/wp-json\/wp\/v2\/users\/2"}],"replies":[{"embeddable":true,"href":"https:\/\/hospizverein-wattenscheid.de\/neu\/wp-json\/wp\/v2\/comments?post=1353"}],"version-history":[{"count":8,"href":"https:\/\/hospizverein-wattenscheid.de\/neu\/wp-json\/wp\/v2\/pages\/1353\/revisions"}],"predecessor-version":[{"id":4770,"href":"https:\/\/hospizverein-wattenscheid.de\/neu\/wp-json\/wp\/v2\/pages\/1353\/revisions\/4770"}],"up":[{"embeddable":true,"href":"https:\/\/hospizverein-wattenscheid.de\/neu\/wp-json\/wp\/v2\/pages\/1318"}],"wp:attachment":[{"href":"https:\/\/hospizverein-wattenscheid.de\/neu\/wp-json\/wp\/v2\/media?parent=1353"}],"curies":[{"name":"wp","href":"https:\/\/api.w.org\/{rel}","templated":true}]}}