{"id":1734,"date":"2018-09-14T13:17:10","date_gmt":"2018-09-14T11:17:10","guid":{"rendered":"http:\/\/localhost\/?page_id=1734"},"modified":"2024-10-14T12:27:32","modified_gmt":"2024-10-14T10:27:32","slug":"charta","status":"publish","type":"page","link":"https:\/\/hospizverein-wattenscheid.de\/neu\/aktuelles\/charta\/","title":{"rendered":"Charta zur Betreuung Sterbender"},"content":{"rendered":"<div class=\"fusion-fullwidth fullwidth-box fusion-builder-row-1 fusion-flex-container nonhundred-percent-fullwidth non-hundred-percent-height-scrolling\" style=\"--awb-border-radius-top-left:0px;--awb-border-radius-top-right:0px;--awb-border-radius-bottom-right:0px;--awb-border-radius-bottom-left:0px;--awb-padding-top:25px;--awb-padding-right:8%;--awb-padding-bottom:25px;--awb-padding-left:8%;--awb-flex-wrap:wrap;\" ><div class=\"fusion-builder-row fusion-row fusion-flex-align-items-flex-start fusion-flex-content-wrap\" style=\"max-width:calc( 1280px + 0px );margin-left: calc(-0px \/ 2 );margin-right: calc(-0px \/ 2 );\"><div class=\"fusion-layout-column fusion_builder_column fusion-builder-column-0 fusion_builder_column_1_1 1_1 fusion-flex-column\" style=\"--awb-bg-size:cover;--awb-width-large:100%;--awb-margin-top-large:0px;--awb-spacing-right-large:0px;--awb-margin-bottom-large:20px;--awb-spacing-left-large:0px;--awb-width-medium:100%;--awb-spacing-right-medium:0px;--awb-spacing-left-medium:0px;--awb-width-small:100%;--awb-spacing-right-small:0px;--awb-spacing-left-small:0px;\"><div class=\"fusion-column-wrapper fusion-flex-justify-content-flex-start fusion-content-layout-column\"><div class=\"fusion-text fusion-text-1\"><div class=\"csc-header csc-header-n1\">\n<h1>Charta zur Betreuung Sterbender<\/h1>\n<p>Die im Jahr 2010 ver\u00f6ffentlichte <a href=\"https:\/\/www.charta-zur-betreuung-sterbender.de\/die-charta.html\"><em>Charta zur Betreuung schwerstkranker und sterbender Menschen in Deutschland<\/em><\/a> setzt sich f\u00fcr Menschen ein, die aufgrund einer fortschreitenden, lebensbegrenzenden Erkrankung mit Sterben und Tod konfrontiert sind.<\/p>\n<p>Die f\u00fcnf Leits\u00e4tze der Charta formulieren Aufgaben, Ziele und Handlungsbedarfe,\u00a0um die Betreuung schwerstkranker und sterbender Menschen in Deutschland zu verbessern. Im Mittelpunkt steht dabei immer der betroffene Mensch.<\/p>\n<p>Orientierung bieten hierbei die 2016 ver\u00f6ffentlichten <em>Handlungsempfehlungen im Rahmen einer Nationalen Strategie<\/em>. Seit 2017 unterst\u00fctzt die <em>Koordinierungsstelle f\u00fcr Hospiz- und Palliativversorgung in Deutschland<\/em>, gef\u00f6rdert vom Bundesministerium\u00a0f\u00fcr Familie, Senioren, Frauen und Jugend, die verbindliche und nachhaltige Umsetzung der Charta und ihrer Handlungsempfehlungen.<\/p>\n<p>Die Charta wird getragen vom Deutschen Hospiz- und PalliativVerband (DHPV), der Deutschen Gesellschaft f\u00fcr Palliativmedizin (DGP) und der Bundes\u00e4rztekammer (B\u00c4K).<\/p>\n<p>Seit ihrer Ver\u00f6ffentlichung haben sich \u00fcber <b>2.985<\/b><strong>\u00a0Organisationen und Institutionen<\/strong> sowie <b>32.227<\/b><strong>\u00a0Einzelpersonen <\/strong>\u2013 darunter auch zahlreiche Politiker \u2013 mit ihrer Unterschrift f\u00fcr die Charta und ihre weitere Umsetzung eingesetzt (Stand 10.09.2024).<\/p>\n<p>Der Hospizverein Wattenscheid e.V. hat die Charta am 27.07.2017 unterzeichnet und f\u00fchlt sich ihr verpflichtet.<\/p>\n<\/div>\n<\/div><\/div><\/div><\/div><\/div>\n","protected":false},"excerpt":{"rendered":"","protected":false},"author":2,"featured_media":0,"parent":1732,"menu_order":0,"comment_status":"closed","ping_status":"closed","template":"","meta":{"_bbp_topic_count":0,"_bbp_reply_count":0,"_bbp_total_topic_count":0,"_bbp_total_reply_count":0,"_bbp_voice_count":0,"_bbp_anonymous_reply_count":0,"_bbp_topic_count_hidden":0,"_bbp_reply_count_hidden":0,"_bbp_forum_subforum_count":0,"footnotes":""},"class_list":["post-1734","page","type-page","status-publish","hentry"],"_links":{"self":[{"href":"https:\/\/hospizverein-wattenscheid.de\/neu\/wp-json\/wp\/v2\/pages\/1734","targetHints":{"allow":["GET"]}}],"collection":[{"href":"https:\/\/hospizverein-wattenscheid.de\/neu\/wp-json\/wp\/v2\/pages"}],"about":[{"href":"https:\/\/hospizverein-wattenscheid.de\/neu\/wp-json\/wp\/v2\/types\/page"}],"author":[{"embeddable":true,"href":"https:\/\/hospizverein-wattenscheid.de\/neu\/wp-json\/wp\/v2\/users\/2"}],"replies":[{"embeddable":true,"href":"https:\/\/hospizverein-wattenscheid.de\/neu\/wp-json\/wp\/v2\/comments?post=1734"}],"version-history":[{"count":21,"href":"https:\/\/hospizverein-wattenscheid.de\/neu\/wp-json\/wp\/v2\/pages\/1734\/revisions"}],"predecessor-version":[{"id":4359,"href":"https:\/\/hospizverein-wattenscheid.de\/neu\/wp-json\/wp\/v2\/pages\/1734\/revisions\/4359"}],"up":[{"embeddable":true,"href":"https:\/\/hospizverein-wattenscheid.de\/neu\/wp-json\/wp\/v2\/pages\/1732"}],"wp:attachment":[{"href":"https:\/\/hospizverein-wattenscheid.de\/neu\/wp-json\/wp\/v2\/media?parent=1734"}],"curies":[{"name":"wp","href":"https:\/\/api.w.org\/{rel}","templated":true}]}}

<div class="fusion-fullwidth fullwidth-box fusion-builder-row-1 fusion-flex-container nonhundred-percent-fullwidth non-hundred-percent-height-scrolling" style="--awb-border-radius-top-left:0px;--awb-border-radius-top-right:0px;--awb-border-radius-bottom-right:0px;--awb-border-radius-bottom-left:0px;--awb-padding-top:25px;--awb-padding-right:8%;--awb-padding-bottom:25px;--awb-padding-left:8%;--awb-flex-wrap:wrap;" ><div class="fusion-builder-row fusion-row fusion-flex-align-items-flex-start fusion-flex-content-wrap" style="max-width:calc( 1280px + 0px );margin-left: calc(-0px / 2 );margin-right: calc(-0px / 2 );"><div class="fusion-layout-column fusion_builder_column fusion-builder-column-0 fusion_builder_column_1_1 1_1 fusion-flex-column" style="--awb-bg-size:cover;--awb-width-large:100%;--awb-margin-top-large:0px;--awb-spacing-right-large:0px;--awb-margin-bottom-large:20px;--awb-spacing-left-large:0px;--awb-width-medium:100%;--awb-spacing-right-medium:0px;--awb-spacing-left-medium:0px;--awb-width-small:100%;--awb-spacing-right-small:0px;--awb-spacing-left-small:0px;"><div class="fusion-column-wrapper fusion-flex-justify-content-flex-start fusion-content-layout-column"><div class="fusion-text fusion-text-1"><div class="csc-header csc-header-n1">
<h1>Charta zur Betreuung Sterbender</h1>
<p>Die im Jahr 2010 veröffentlichte <a href="https://www.charta-zur-betreuung-sterbender.de/die-charta.html"><em>Charta zur Betreuung schwerstkranker und sterbender Menschen in Deutschland</em></a> setzt sich für Menschen ein, die aufgrund einer fortschreitenden, lebensbegrenzenden Erkrankung mit Sterben und Tod konfrontiert sind.</p>
<p>Die fünf Leitsätze der Charta formulieren Aufgaben, Ziele und Handlungsbedarfe, um die Betreuung schwerstkranker und sterbender Menschen in Deutschland zu verbessern. Im Mittelpunkt steht dabei immer der betroffene Mensch.</p>
<p>Orientierung bieten hierbei die 2016 veröffentlichten <em>Handlungsempfehlungen im Rahmen einer Nationalen Strategie</em>. Seit 2017 unterstützt die <em>Koordinierungsstelle für Hospiz- und Palliativversorgung in Deutschland</em>, gefördert vom Bundesministerium für Familie, Senioren, Frauen und Jugend, die verbindliche und nachhaltige Umsetzung der Charta und ihrer Handlungsempfehlungen.</p>
<p>Die Charta wird getragen vom Deutschen Hospiz- und PalliativVerband (DHPV), der Deutschen Gesellschaft für Palliativmedizin (DGP) und der Bundesärztekammer (BÄK).</p>
<p>Seit ihrer Veröffentlichung haben sich über <b>2.985</b><strong> Organisationen und Institutionen</strong> sowie <b>32.227</b><strong> Einzelpersonen </strong>– darunter auch zahlreiche Politiker – mit ihrer Unterschrift für die Charta und ihre weitere Umsetzung eingesetzt (Stand 10.09.2024).</p>
<p>Der Hospizverein Wattenscheid e.V. hat die Charta am 27.07.2017 unterzeichnet und fühlt sich ihr verpflichtet.</p>
</div>
</div></div></div></div></div>
