{"id":276,"date":"2015-06-03T18:03:23","date_gmt":"2015-06-03T16:03:23","guid":{"rendered":"http:\/\/localhost\/?page_id=276"},"modified":"2024-10-18T12:28:02","modified_gmt":"2024-10-18T10:28:02","slug":"presseartikel","status":"publish","type":"page","link":"https:\/\/hospizverein-wattenscheid.de\/neu\/aktuelles\/presseartikel\/","title":{"rendered":"Presseartikel"},"content":{"rendered":"<div class=\"fusion-fullwidth fullwidth-box fusion-builder-row-1 fusion-flex-container nonhundred-percent-fullwidth non-hundred-percent-height-scrolling\" style=\"--awb-background-position:left top;--awb-border-sizes-top:0px;--awb-border-sizes-bottom:0px;--awb-border-sizes-left:0px;--awb-border-sizes-right:0px;--awb-border-radius-top-left:0px;--awb-border-radius-top-right:0px;--awb-border-radius-bottom-right:0px;--awb-border-radius-bottom-left:0px;--awb-padding-top:25px;--awb-padding-right:8%;--awb-padding-bottom:25px;--awb-padding-left:8%;--awb-background-color:#ffffff;--awb-flex-wrap:wrap;\" ><div class=\"fusion-builder-row fusion-row fusion-flex-align-items-flex-start fusion-flex-content-wrap\" style=\"max-width:calc( 1280px + 0px );margin-left: calc(-0px \/ 2 );margin-right: calc(-0px \/ 2 );\"><div class=\"fusion-layout-column fusion_builder_column fusion-builder-column-0 fusion_builder_column_1_1 1_1 fusion-flex-column fusion-flex-align-self-flex-start fusion-column-no-min-height\" style=\"--awb-bg-color:#ffffff;--awb-bg-color-hover:#ffffff;--awb-bg-size:cover;--awb-border-color:#ffffff;--awb-border-style:solid;--awb-width-large:100%;--awb-margin-top-large:0px;--awb-spacing-right-large:0px;--awb-margin-bottom-large:20px;--awb-spacing-left-large:0px;--awb-width-medium:100%;--awb-spacing-right-medium:0px;--awb-spacing-left-medium:0px;--awb-width-small:100%;--awb-spacing-right-small:0px;--awb-spacing-left-small:0px;\"><div class=\"fusion-column-wrapper fusion-flex-justify-content-flex-start fusion-content-layout-column\"><div class=\"fusion-text fusion-text-1\"><h1>Presseartikel<\/h1>\n<\/div><div class=\"fusion-blog-shortcode fusion-blog-shortcode-1 fusion-blog-archive fusion-blog-layout-grid-wrapper fusion-blog-infinite\" style=\"--grid_separator_color:#ffffff;\"><style type=\"text\/css\">.fusion-blog-shortcode-1 .fusion-blog-layout-grid .fusion-post-grid{padding:15px;}.fusion-blog-shortcode-1 .fusion-posts-container{margin-left: -15px !important; margin-right:-15px !important;}<\/style><div class=\"fusion-posts-container fusion-posts-container-infinite fusion-blog-layout-grid fusion-blog-layout-grid-4 isotope\" data-pages=\"33\" data-grid-col-space=\"30\" style=\"margin: -15px -15px 0;min-height:500px;\"><article id=\"blog-1-post-4873\" class=\"fusion-post-grid post-4873 post type-post status-publish format-standard has-post-thumbnail hentry category-waz\">\n<div class=\"fusion-post-wrapper\" style=\"background-color:rgba(3,169,244,0);border:1px solid #ededed;border-bottom-width:3px;\">\n\n\t\t\t<div class=\"fusion-flexslider flexslider fusion-flexslider-loading fusion-post-slideshow\" style=\"border-color:#ededed;\">\n\t\t<ul class=\"slides\">\n\t\t\t\n\t\t\t\t\t\t\t\t\t\t\t\t\t\t<li><div  class=\"fusion-image-wrapper\" aria-haspopup=\"true\">\n\t\t\t\t\t\t\t<a href=\"https:\/\/hospizverein-wattenscheid.de\/neu\/2026\/03\/25\/hospizarbeit-in-seniorenheimen\/\" aria-label=\"Hospizarbeit in Seniorenheimen\">\n\t\t\t\t\t\t\t<img decoding=\"async\" width=\"798\" height=\"1132\" src=\"https:\/\/hospizverein-wattenscheid.de\/neu\/wp-content\/uploads\/2026\/03\/WAZ_25032026.png\" class=\"attachment-full size-full wp-post-image\" alt=\"\" srcset=\"https:\/\/hospizverein-wattenscheid.de\/neu\/wp-content\/uploads\/2026\/03\/WAZ_25032026-200x284.png 200w, https:\/\/hospizverein-wattenscheid.de\/neu\/wp-content\/uploads\/2026\/03\/WAZ_25032026-400x567.png 400w, https:\/\/hospizverein-wattenscheid.de\/neu\/wp-content\/uploads\/2026\/03\/WAZ_25032026-600x851.png 600w, https:\/\/hospizverein-wattenscheid.de\/neu\/wp-content\/uploads\/2026\/03\/WAZ_25032026.png 798w\" sizes=\"(min-width: 2200px) 100vw, (min-width: 856px) 298px, (min-width: 784px) 397px, (min-width: 712px) 595px, (min-width: 640px) 712px, \" \/>\t\t\t<\/a>\n\t\t\t\t\t\t\t<\/div>\n<\/li>\n\t\t\t\n\t\t\t\n\t\t\t\t\t\t\t\t\t\t\t\t\t\t\t\t\t\t\t\t\t\t\t\t\t\t\t\t\t\t\t\t\t\t\t\t\t\t\t\t\t\t\t\t\t\t\t\t\t\t\t\t\t\t\t\t\t\t\t\t\t\t\t\t\t\t\t\t<\/ul>\n\t<\/div>\n\t<div class=\"fusion-post-content-wrapper\" style=\"padding:30px 25px 25px 25px;\"><div class=\"fusion-post-content post-content\"><h2 class=\"blog-shortcode-post-title entry-title\"><a href=\"https:\/\/hospizverein-wattenscheid.de\/neu\/2026\/03\/25\/hospizarbeit-in-seniorenheimen\/\">Hospizarbeit in Seniorenheimen<\/a><\/h2><p class=\"fusion-single-line-meta\"><span class=\"vcard\" style=\"display: none;\"><span class=\"fn\"><a href=\"https:\/\/hospizverein-wattenscheid.de\/neu\/author\/kschirmer\/\" title=\"Beitr\u00e4ge von Kathrin Schirmer\" rel=\"author\">Kathrin Schirmer<\/a><\/span><\/span><span class=\"updated\" style=\"display:none;\">2026-03-30T08:44:16+02:00<\/span><span>25.03.2026<\/span><span class=\"fusion-inline-sep\">|<\/span><a href=\"https:\/\/hospizverein-wattenscheid.de\/neu\/category\/presse\/waz\/\" rel=\"category tag\">WAZ<\/a><span class=\"fusion-inline-sep\">|<\/span><\/p><\/div><\/div><div class=\"fusion-clearfix\"><\/div><\/div>\n<\/article>\n<article id=\"blog-1-post-4789\" class=\"fusion-post-grid post-4789 post type-post status-publish format-standard has-post-thumbnail hentry category-waz\">\n<div class=\"fusion-post-wrapper\" style=\"background-color:rgba(3,169,244,0);border:1px solid #ededed;border-bottom-width:3px;\">\n\n\t\t\t<div class=\"fusion-flexslider flexslider fusion-flexslider-loading fusion-post-slideshow\" style=\"border-color:#ededed;\">\n\t\t<ul class=\"slides\">\n\t\t\t\n\t\t\t\t\t\t\t\t\t\t\t\t\t\t<li><div  class=\"fusion-image-wrapper\" aria-haspopup=\"true\">\n\t\t\t\t\t\t\t<a href=\"https:\/\/hospizverein-wattenscheid.de\/neu\/2026\/01\/17\/sissis-naehcafe-basar-fuer-gute-zwecke\/\" aria-label=\"Sissis N\u00e4hcaf\u00e9: Basar f\u00fcr gute Zwecke\">\n\t\t\t\t\t\t\t<img decoding=\"async\" width=\"1000\" height=\"424\" src=\"https:\/\/hospizverein-wattenscheid.de\/neu\/wp-content\/uploads\/2026\/01\/WAZ_17012026.png\" class=\"attachment-full size-full wp-post-image\" alt=\"\" srcset=\"https:\/\/hospizverein-wattenscheid.de\/neu\/wp-content\/uploads\/2026\/01\/WAZ_17012026-200x85.png 200w, https:\/\/hospizverein-wattenscheid.de\/neu\/wp-content\/uploads\/2026\/01\/WAZ_17012026-400x170.png 400w, https:\/\/hospizverein-wattenscheid.de\/neu\/wp-content\/uploads\/2026\/01\/WAZ_17012026-600x254.png 600w, https:\/\/hospizverein-wattenscheid.de\/neu\/wp-content\/uploads\/2026\/01\/WAZ_17012026-800x339.png 800w, https:\/\/hospizverein-wattenscheid.de\/neu\/wp-content\/uploads\/2026\/01\/WAZ_17012026.png 1000w\" sizes=\"(min-width: 2200px) 100vw, (min-width: 856px) 298px, (min-width: 784px) 397px, (min-width: 712px) 595px, (min-width: 640px) 712px, \" \/>\t\t\t<\/a>\n\t\t\t\t\t\t\t<\/div>\n<\/li>\n\t\t\t\n\t\t\t\n\t\t\t\t\t\t\t\t\t\t\t\t\t\t\t\t\t\t\t\t\t\t\t\t\t\t\t\t\t\t\t\t\t\t\t\t\t\t\t\t\t\t\t\t\t\t\t\t\t\t\t\t\t\t\t\t\t\t\t\t\t\t\t\t\t\t\t\t<\/ul>\n\t<\/div>\n\t<div class=\"fusion-post-content-wrapper\" style=\"padding:30px 25px 25px 25px;\"><div class=\"fusion-post-content post-content\"><h2 class=\"blog-shortcode-post-title entry-title\"><a href=\"https:\/\/hospizverein-wattenscheid.de\/neu\/2026\/01\/17\/sissis-naehcafe-basar-fuer-gute-zwecke\/\">Sissis N\u00e4hcaf\u00e9: Basar f\u00fcr gute Zwecke<\/a><\/h2><p class=\"fusion-single-line-meta\"><span class=\"vcard\" style=\"display: none;\"><span class=\"fn\"><a href=\"https:\/\/hospizverein-wattenscheid.de\/neu\/author\/kschirmer\/\" title=\"Beitr\u00e4ge von Kathrin Schirmer\" rel=\"author\">Kathrin Schirmer<\/a><\/span><\/span><span class=\"updated\" style=\"display:none;\">2026-01-19T12:05:02+01:00<\/span><span>17.01.2026<\/span><span class=\"fusion-inline-sep\">|<\/span><a href=\"https:\/\/hospizverein-wattenscheid.de\/neu\/category\/presse\/waz\/\" rel=\"category tag\">WAZ<\/a><span class=\"fusion-inline-sep\">|<\/span><\/p><\/div><\/div><div class=\"fusion-clearfix\"><\/div><\/div>\n<\/article>\n<article id=\"blog-1-post-4781\" class=\"fusion-post-grid post-4781 post type-post status-publish format-standard has-post-thumbnail hentry category-waz\">\n<div class=\"fusion-post-wrapper\" style=\"background-color:rgba(3,169,244,0);border:1px solid #ededed;border-bottom-width:3px;\">\n\n\t\t\t<div class=\"fusion-flexslider flexslider fusion-flexslider-loading fusion-post-slideshow\" style=\"border-color:#ededed;\">\n\t\t<ul class=\"slides\">\n\t\t\t\n\t\t\t\t\t\t\t\t\t\t\t\t\t\t<li><div  class=\"fusion-image-wrapper\" aria-haspopup=\"true\">\n\t\t\t\t\t\t\t<a href=\"https:\/\/hospizverein-wattenscheid.de\/neu\/2026\/01\/12\/wahl-der-bezirksvertretung\/\" aria-label=\"Wahl der Bezirksvertretung \u2013 Spende f\u00fcr Hospizverein\">\n\t\t\t\t\t\t\t<img decoding=\"async\" width=\"1024\" height=\"1453\" src=\"https:\/\/hospizverein-wattenscheid.de\/neu\/wp-content\/uploads\/2026\/01\/WAZ_12012026.png\" class=\"attachment-full size-full wp-post-image\" alt=\"\" srcset=\"https:\/\/hospizverein-wattenscheid.de\/neu\/wp-content\/uploads\/2026\/01\/WAZ_12012026-200x284.png 200w, https:\/\/hospizverein-wattenscheid.de\/neu\/wp-content\/uploads\/2026\/01\/WAZ_12012026-400x568.png 400w, https:\/\/hospizverein-wattenscheid.de\/neu\/wp-content\/uploads\/2026\/01\/WAZ_12012026-600x851.png 600w, https:\/\/hospizverein-wattenscheid.de\/neu\/wp-content\/uploads\/2026\/01\/WAZ_12012026-800x1135.png 800w, https:\/\/hospizverein-wattenscheid.de\/neu\/wp-content\/uploads\/2026\/01\/WAZ_12012026.png 1024w\" sizes=\"(min-width: 2200px) 100vw, (min-width: 856px) 298px, (min-width: 784px) 397px, (min-width: 712px) 595px, (min-width: 640px) 712px, \" \/>\t\t\t<\/a>\n\t\t\t\t\t\t\t<\/div>\n<\/li>\n\t\t\t\n\t\t\t\n\t\t\t\t\t\t\t\t\t\t\t\t\t\t\t\t\t\t\t\t\t\t\t\t\t\t\t\t\t\t\t\t\t\t\t\t\t\t\t\t\t\t\t\t\t\t\t\t\t\t\t\t\t\t\t\t\t\t\t\t\t\t\t\t\t\t\t\t<\/ul>\n\t<\/div>\n\t<div class=\"fusion-post-content-wrapper\" style=\"padding:30px 25px 25px 25px;\"><div class=\"fusion-post-content post-content\"><h2 class=\"blog-shortcode-post-title entry-title\"><a href=\"https:\/\/hospizverein-wattenscheid.de\/neu\/2026\/01\/12\/wahl-der-bezirksvertretung\/\">Wahl der Bezirksvertretung \u2013 Spende f\u00fcr Hospizverein<\/a><\/h2><p class=\"fusion-single-line-meta\"><span class=\"vcard\" style=\"display: none;\"><span class=\"fn\"><a href=\"https:\/\/hospizverein-wattenscheid.de\/neu\/author\/kschirmer\/\" title=\"Beitr\u00e4ge von Kathrin Schirmer\" rel=\"author\">Kathrin Schirmer<\/a><\/span><\/span><span class=\"updated\" style=\"display:none;\">2026-01-12T13:10:05+01:00<\/span><span>12.01.2026<\/span><span class=\"fusion-inline-sep\">|<\/span><a href=\"https:\/\/hospizverein-wattenscheid.de\/neu\/category\/presse\/waz\/\" rel=\"category tag\">WAZ<\/a><span class=\"fusion-inline-sep\">|<\/span><\/p><\/div><\/div><div class=\"fusion-clearfix\"><\/div><\/div>\n<\/article>\n<article id=\"blog-1-post-4675\" class=\"fusion-post-grid post-4675 post type-post status-publish format-standard hentry category-waz\">\n<div class=\"fusion-post-wrapper\" style=\"background-color:rgba(3,169,244,0);border:1px solid #ededed;border-bottom-width:3px;\">\n\n<div class=\"fusion-post-content-wrapper\" style=\"padding:30px 25px 25px 25px;\"><div class=\"fusion-post-content post-content\"><h2 class=\"blog-shortcode-post-title entry-title\"><a href=\"https:\/\/hospizverein-wattenscheid.de\/neu\/2025\/09\/24\/hospizverein-trifft-sich-mit-trauernden\/\">Hospizverein trifft sich mit Trauernden<\/a><\/h2><p class=\"fusion-single-line-meta\"><span class=\"vcard\" style=\"display: none;\"><span class=\"fn\"><a href=\"https:\/\/hospizverein-wattenscheid.de\/neu\/author\/kschirmer\/\" title=\"Beitr\u00e4ge von Kathrin Schirmer\" rel=\"author\">Kathrin Schirmer<\/a><\/span><\/span><span class=\"updated\" style=\"display:none;\">2025-09-25T12:13:28+02:00<\/span><span>24.09.2025<\/span><span class=\"fusion-inline-sep\">|<\/span><a href=\"https:\/\/hospizverein-wattenscheid.de\/neu\/category\/presse\/waz\/\" rel=\"category tag\">WAZ<\/a><span class=\"fusion-inline-sep\">|<\/span><\/p><\/div><\/div><div class=\"fusion-clearfix\"><\/div><\/div>\n<\/article>\n<div class=\"fusion-clearfix\"><\/div><\/div><div class=\"fusion-infinite-scroll-trigger\"><\/div><div class=\"pagination infinite-scroll clearfix\" style=\"display:none;\"><span class=\"current\">1<\/span><a href=\"https:\/\/hospizverein-wattenscheid.de\/neu\/wp-json\/wp\/v2\/pages\/276\/page\/2\/\" class=\"inactive\">2<\/a><a class=\"pagination-next\" rel=\"next\" href=\"https:\/\/hospizverein-wattenscheid.de\/neu\/wp-json\/wp\/v2\/pages\/276\/page\/2\/\"><span class=\"page-text\">Vor<\/span><span class=\"page-next\"><\/span><\/a><\/div><div class=\"fusion-clearfix\"><\/div><\/div><\/div><\/div><\/div><\/div>\n","protected":false},"excerpt":{"rendered":"","protected":false},"author":2,"featured_media":0,"parent":1732,"menu_order":0,"comment_status":"closed","ping_status":"closed","template":"100-width.php","meta":{"_bbp_topic_count":0,"_bbp_reply_count":0,"_bbp_total_topic_count":0,"_bbp_total_reply_count":0,"_bbp_voice_count":0,"_bbp_anonymous_reply_count":0,"_bbp_topic_count_hidden":0,"_bbp_reply_count_hidden":0,"_bbp_forum_subforum_count":0,"footnotes":""},"class_list":["post-276","page","type-page","status-publish","hentry"],"_links":{"self":[{"href":"https:\/\/hospizverein-wattenscheid.de\/neu\/wp-json\/wp\/v2\/pages\/276","targetHints":{"allow":["GET"]}}],"collection":[{"href":"https:\/\/hospizverein-wattenscheid.de\/neu\/wp-json\/wp\/v2\/pages"}],"about":[{"href":"https:\/\/hospizverein-wattenscheid.de\/neu\/wp-json\/wp\/v2\/types\/page"}],"author":[{"embeddable":true,"href":"https:\/\/hospizverein-wattenscheid.de\/neu\/wp-json\/wp\/v2\/users\/2"}],"replies":[{"embeddable":true,"href":"https:\/\/hospizverein-wattenscheid.de\/neu\/wp-json\/wp\/v2\/comments?post=276"}],"version-history":[{"count":4,"href":"https:\/\/hospizverein-wattenscheid.de\/neu\/wp-json\/wp\/v2\/pages\/276\/revisions"}],"predecessor-version":[{"id":4392,"href":"https:\/\/hospizverein-wattenscheid.de\/neu\/wp-json\/wp\/v2\/pages\/276\/revisions\/4392"}],"up":[{"embeddable":true,"href":"https:\/\/hospizverein-wattenscheid.de\/neu\/wp-json\/wp\/v2\/pages\/1732"}],"wp:attachment":[{"href":"https:\/\/hospizverein-wattenscheid.de\/neu\/wp-json\/wp\/v2\/media?parent=276"}],"curies":[{"name":"wp","href":"https:\/\/api.w.org\/{rel}","templated":true}]}}