{"id":3853,"date":"2023-04-24T09:03:17","date_gmt":"2023-04-24T07:03:17","guid":{"rendered":"https:\/\/hospizverein-wattenscheid.de\/neu\/?page_id=3853"},"modified":"2026-01-26T11:21:47","modified_gmt":"2026-01-26T10:21:47","slug":"links","status":"publish","type":"page","link":"https:\/\/hospizverein-wattenscheid.de\/neu\/aktuelles\/links\/","title":{"rendered":"Links"},"content":{"rendered":"<div class=\"fusion-fullwidth fullwidth-box fusion-builder-row-1 fusion-flex-container has-pattern-background has-mask-background nonhundred-percent-fullwidth non-hundred-percent-height-scrolling\" style=\"--awb-border-radius-top-left:0px;--awb-border-radius-top-right:0px;--awb-border-radius-bottom-right:0px;--awb-border-radius-bottom-left:0px;--awb-padding-top:25px;--awb-padding-right:8%;--awb-padding-bottom:25px;--awb-padding-left:8%;--awb-flex-wrap:wrap;\" ><div class=\"fusion-builder-row fusion-row fusion-flex-align-items-flex-start fusion-flex-content-wrap\" style=\"max-width:1331.2px;margin-left: calc(-4% \/ 2 );margin-right: calc(-4% \/ 2 );\"><div class=\"fusion-layout-column fusion_builder_column fusion-builder-column-0 fusion_builder_column_1_1 1_1 fusion-flex-column\" style=\"--awb-bg-size:cover;--awb-width-large:100%;--awb-margin-top-large:0px;--awb-spacing-right-large:1.92%;--awb-margin-bottom-large:20px;--awb-spacing-left-large:1.92%;--awb-width-medium:100%;--awb-order-medium:0;--awb-spacing-right-medium:1.92%;--awb-spacing-left-medium:1.92%;--awb-width-small:100%;--awb-order-small:0;--awb-spacing-right-small:1.92%;--awb-spacing-left-small:1.92%;\"><div class=\"fusion-column-wrapper fusion-column-has-shadow fusion-flex-justify-content-flex-start fusion-content-layout-column\"><div class=\"fusion-text fusion-text-1\"><h1>Links<\/h1>\n<p>Hier finden sie Links zu weiteren hilfreichen Seiten zum Thema \u201eAmbulante Hospizarbeit\u201c oder zu Seiten von Personen, die uns ideell und\/oder finanziell unterst\u00fctzen. Wir bitten Sie um besondere Beachtung. Vielen Dank.<\/p>\n<h3 style=\"font-weight: 400;\"><strong>Palliativnetz Bochum \u00a0<\/strong><\/h3>\n<p style=\"font-weight: 400;\"><a href=\"https:\/\/palliativnetz-bochum.de\/\">www.palliativnetz-bochum.de<\/a><\/p>\n<h3 style=\"font-weight: 400;\"><strong>Alpha NRW<\/strong><\/h3>\n<p style=\"font-weight: 400;\"><a href=\"https:\/\/alpha-nrw.de\/\">www.alpha-nrw.de<\/a><\/p>\n<h3 style=\"font-weight: 400;\"><strong>Alpha NRW<\/strong><\/h3>\n<p style=\"font-weight: 400;\"><a href=\"https:\/\/www.charta-zur-betreuung-sterbender.de\/die-charta.html\">www.charta-zur-betreuung-sterbender.de\/die-charta.html<\/a><\/p>\n<\/div><\/div><\/div><div class=\"fusion-layout-column fusion_builder_column fusion-builder-column-1 fusion_builder_column_1_4 1_4 fusion-flex-column\" style=\"--awb-bg-size:cover;--awb-width-large:25%;--awb-margin-top-large:0px;--awb-spacing-right-large:7.68%;--awb-margin-bottom-large:20px;--awb-spacing-left-large:7.68%;--awb-width-medium:25%;--awb-order-medium:0;--awb-spacing-right-medium:7.68%;--awb-spacing-left-medium:7.68%;--awb-width-small:100%;--awb-order-small:0;--awb-spacing-right-small:1.92%;--awb-spacing-left-small:1.92%;\"><div class=\"fusion-column-wrapper fusion-column-has-shadow fusion-flex-justify-content-flex-start fusion-content-layout-column\"><div class=\"fusion-image-element \" style=\"--awb-margin-top:30px;--awb-caption-title-font-family:var(--h2_typography-font-family);--awb-caption-title-font-weight:var(--h2_typography-font-weight);--awb-caption-title-font-style:var(--h2_typography-font-style);--awb-caption-title-size:var(--h2_typography-font-size);--awb-caption-title-transform:var(--h2_typography-text-transform);--awb-caption-title-line-height:var(--h2_typography-line-height);--awb-caption-title-letter-spacing:var(--h2_typography-letter-spacing);\"><span class=\" fusion-imageframe imageframe-none imageframe-1 hover-type-none\" style=\"border-radius:50%;\"><img decoding=\"async\" width=\"2362\" height=\"2362\" title=\"Links_Waltraud_Ehlert_Quadrat\" src=\"https:\/\/hospizverein-wattenscheid.de\/neu\/wp-content\/uploads\/2023\/04\/Links_Waltraud_Ehlert_Quadrat.jpg\" alt class=\"img-responsive wp-image-3858\" srcset=\"https:\/\/hospizverein-wattenscheid.de\/neu\/wp-content\/uploads\/2023\/04\/Links_Waltraud_Ehlert_Quadrat-200x200.jpg 200w, https:\/\/hospizverein-wattenscheid.de\/neu\/wp-content\/uploads\/2023\/04\/Links_Waltraud_Ehlert_Quadrat-400x400.jpg 400w, https:\/\/hospizverein-wattenscheid.de\/neu\/wp-content\/uploads\/2023\/04\/Links_Waltraud_Ehlert_Quadrat-600x600.jpg 600w, https:\/\/hospizverein-wattenscheid.de\/neu\/wp-content\/uploads\/2023\/04\/Links_Waltraud_Ehlert_Quadrat-800x800.jpg 800w, https:\/\/hospizverein-wattenscheid.de\/neu\/wp-content\/uploads\/2023\/04\/Links_Waltraud_Ehlert_Quadrat-1200x1200.jpg 1200w, https:\/\/hospizverein-wattenscheid.de\/neu\/wp-content\/uploads\/2023\/04\/Links_Waltraud_Ehlert_Quadrat.jpg 2362w\" sizes=\"(max-width: 640px) 100vw, 400px\" \/><\/span><\/div><\/div><\/div><div class=\"fusion-layout-column fusion_builder_column fusion-builder-column-2 fusion_builder_column_3_4 3_4 fusion-flex-column\" style=\"--awb-bg-size:cover;--awb-width-large:75%;--awb-margin-top-large:0px;--awb-spacing-right-large:2.56%;--awb-margin-bottom-large:20px;--awb-spacing-left-large:2.56%;--awb-width-medium:75%;--awb-order-medium:0;--awb-spacing-right-medium:2.56%;--awb-spacing-left-medium:2.56%;--awb-width-small:100%;--awb-order-small:0;--awb-spacing-right-small:1.92%;--awb-spacing-left-small:1.92%;\"><div class=\"fusion-column-wrapper fusion-column-has-shadow fusion-flex-justify-content-flex-start fusion-content-layout-column\"><div class=\"fusion-text fusion-text-2\"><h3>Esther M\u00fcnch<\/h3>\n<p style=\"font-weight: 400;\">Esther M\u00fcnch alias Reinigungsfachkraft Waltraud Ehlert begeistert seit 1980 ihr Publikum als Kabarettistin, S\u00e4ngerin, Moderatorin und Sprecherin.\u00a0Nach Abschluss ihres Studiums in Germanistik, Geschichte und P\u00e4dagogik, anschlie\u00dfender Ausbildung in Fl\u00f6te, Klavier, Gitarre, Gesang und Improvisationstheater eroberte sie, als Multitalent, die B\u00fchne.\u00a0Mit ihrem Ein-Frau-Kabarettprogramm \u201eWaltraud Ehlert\u201c tritt sie seit 1996 bei zahlreichen Kleinkunstb\u00fchnen, Empf\u00e4ngen, Matineen und Veranstaltungen auf.<\/p>\n<p style=\"font-weight: 400;\">Seit 2022 vertritt Esther M\u00fcnch den Hospizverein Wattenscheid als Botschafterin in Wattenscheid und Bochum bei diversen Veranstaltungen.\u00a0N\u00e4here Informationen zu den Programmen von Esther M\u00fcnch finden Sie unter: <a href=\"https:\/\/www.esther-muench.de\">www.esther-muench.de<\/a><\/p>\n<\/div><\/div><\/div><\/div><\/div>\n","protected":false},"excerpt":{"rendered":"","protected":false},"author":2,"featured_media":0,"parent":1732,"menu_order":0,"comment_status":"closed","ping_status":"closed","template":"","meta":{"_bbp_topic_count":0,"_bbp_reply_count":0,"_bbp_total_topic_count":0,"_bbp_total_reply_count":0,"_bbp_voice_count":0,"_bbp_anonymous_reply_count":0,"_bbp_topic_count_hidden":0,"_bbp_reply_count_hidden":0,"_bbp_forum_subforum_count":0,"footnotes":""},"class_list":["post-3853","page","type-page","status-publish","hentry"],"_links":{"self":[{"href":"https:\/\/hospizverein-wattenscheid.de\/neu\/wp-json\/wp\/v2\/pages\/3853","targetHints":{"allow":["GET"]}}],"collection":[{"href":"https:\/\/hospizverein-wattenscheid.de\/neu\/wp-json\/wp\/v2\/pages"}],"about":[{"href":"https:\/\/hospizverein-wattenscheid.de\/neu\/wp-json\/wp\/v2\/types\/page"}],"author":[{"embeddable":true,"href":"https:\/\/hospizverein-wattenscheid.de\/neu\/wp-json\/wp\/v2\/users\/2"}],"replies":[{"embeddable":true,"href":"https:\/\/hospizverein-wattenscheid.de\/neu\/wp-json\/wp\/v2\/comments?post=3853"}],"version-history":[{"count":19,"href":"https:\/\/hospizverein-wattenscheid.de\/neu\/wp-json\/wp\/v2\/pages\/3853\/revisions"}],"predecessor-version":[{"id":4810,"href":"https:\/\/hospizverein-wattenscheid.de\/neu\/wp-json\/wp\/v2\/pages\/3853\/revisions\/4810"}],"up":[{"embeddable":true,"href":"https:\/\/hospizverein-wattenscheid.de\/neu\/wp-json\/wp\/v2\/pages\/1732"}],"wp:attachment":[{"href":"https:\/\/hospizverein-wattenscheid.de\/neu\/wp-json\/wp\/v2\/media?parent=3853"}],"curies":[{"name":"wp","href":"https:\/\/api.w.org\/{rel}","templated":true}]}}