{"id":3905,"date":"2023-07-19T13:39:39","date_gmt":"2023-07-19T11:39:39","guid":{"rendered":"https:\/\/hospizverein-wattenscheid.de\/neu\/?page_id=3905"},"modified":"2026-01-26T11:19:12","modified_gmt":"2026-01-26T10:19:12","slug":"gespraechskreis-fuer-trauernde","status":"publish","type":"page","link":"https:\/\/hospizverein-wattenscheid.de\/neu\/aktuelles\/gespraechskreis-fuer-trauernde\/","title":{"rendered":"Gespr\u00e4chskreis f\u00fcr Trauernde"},"content":{"rendered":"<div class=\"fusion-fullwidth fullwidth-box fusion-builder-row-1 fusion-flex-container has-pattern-background has-mask-background nonhundred-percent-fullwidth non-hundred-percent-height-scrolling\" style=\"--awb-border-radius-top-left:0px;--awb-border-radius-top-right:0px;--awb-border-radius-bottom-right:0px;--awb-border-radius-bottom-left:0px;--awb-padding-top:25px;--awb-padding-right:8%;--awb-padding-bottom:25px;--awb-padding-left:8%;--awb-flex-wrap:wrap;\" ><div class=\"fusion-builder-row fusion-row fusion-flex-align-items-flex-start fusion-flex-content-wrap\" style=\"max-width:1331.2px;margin-left: calc(-4% \/ 2 );margin-right: calc(-4% \/ 2 );\"><div class=\"fusion-layout-column fusion_builder_column fusion-builder-column-0 fusion_builder_column_1_1 1_1 fusion-flex-column\" style=\"--awb-bg-size:cover;--awb-width-large:100%;--awb-margin-top-large:0px;--awb-spacing-right-large:1.92%;--awb-margin-bottom-large:20px;--awb-spacing-left-large:1.92%;--awb-width-medium:100%;--awb-order-medium:0;--awb-spacing-right-medium:1.92%;--awb-spacing-left-medium:1.92%;--awb-width-small:100%;--awb-order-small:0;--awb-spacing-right-small:1.92%;--awb-spacing-left-small:1.92%;\"><div class=\"fusion-column-wrapper fusion-column-has-shadow fusion-flex-justify-content-flex-start fusion-content-layout-column\"><div class=\"fusion-text fusion-text-1\"><h1 data-start=\"136\" data-end=\"498\"><strong data-start=\"179\" data-end=\"235\">Der Trauer Raum geben \u2013 Gespr\u00e4chskreis f\u00fcr Trauernde<\/strong><\/h1>\n<p data-start=\"136\" data-end=\"498\">Aktuell gibt es keinen neuen Termin f\u00fcr einen Gespr\u00e4chskreis.<br data-start=\"299\" data-end=\"302\" \/>Wenn Sie grunds\u00e4tzliches Interesse haben oder aktuell Unterst\u00fctzung w\u00fcnschen, melden Sie sich gern bei unserer Trauerbegleiterin<\/p>\n<p data-start=\"136\" data-end=\"498\"><strong data-start=\"407\" data-end=\"424\">Gesine Maurer<\/strong>: <strong data-start=\"428\" data-end=\"450\">Tel. 02327 9335555<\/strong> \u00b7 <strong data-start=\"453\" data-end=\"498\">E-Mail: <a class=\"decorated-link cursor-pointer\" rel=\"noopener\" data-start=\"463\" data-end=\"496\">info@hospizverein-wattenscheid.de<\/a><\/strong><\/p>\n<\/div><\/div><\/div><\/div><\/div>\n","protected":false},"excerpt":{"rendered":"","protected":false},"author":2,"featured_media":0,"parent":1732,"menu_order":0,"comment_status":"closed","ping_status":"closed","template":"","meta":{"_bbp_topic_count":0,"_bbp_reply_count":0,"_bbp_total_topic_count":0,"_bbp_total_reply_count":0,"_bbp_voice_count":0,"_bbp_anonymous_reply_count":0,"_bbp_topic_count_hidden":0,"_bbp_reply_count_hidden":0,"_bbp_forum_subforum_count":0,"footnotes":""},"class_list":["post-3905","page","type-page","status-publish","hentry"],"_links":{"self":[{"href":"https:\/\/hospizverein-wattenscheid.de\/neu\/wp-json\/wp\/v2\/pages\/3905","targetHints":{"allow":["GET"]}}],"collection":[{"href":"https:\/\/hospizverein-wattenscheid.de\/neu\/wp-json\/wp\/v2\/pages"}],"about":[{"href":"https:\/\/hospizverein-wattenscheid.de\/neu\/wp-json\/wp\/v2\/types\/page"}],"author":[{"embeddable":true,"href":"https:\/\/hospizverein-wattenscheid.de\/neu\/wp-json\/wp\/v2\/users\/2"}],"replies":[{"embeddable":true,"href":"https:\/\/hospizverein-wattenscheid.de\/neu\/wp-json\/wp\/v2\/comments?post=3905"}],"version-history":[{"count":15,"href":"https:\/\/hospizverein-wattenscheid.de\/neu\/wp-json\/wp\/v2\/pages\/3905\/revisions"}],"predecessor-version":[{"id":4808,"href":"https:\/\/hospizverein-wattenscheid.de\/neu\/wp-json\/wp\/v2\/pages\/3905\/revisions\/4808"}],"up":[{"embeddable":true,"href":"https:\/\/hospizverein-wattenscheid.de\/neu\/wp-json\/wp\/v2\/pages\/1732"}],"wp:attachment":[{"href":"https:\/\/hospizverein-wattenscheid.de\/neu\/wp-json\/wp\/v2\/media?parent=3905"}],"curies":[{"name":"wp","href":"https:\/\/api.w.org\/{rel}","templated":true}]}}